 k. What is the remainder when 9 is divided by v?
4
Let t(z) be the first derivative of 1/4*z**4 + 1/3*z**3 - 4 - 2*z**2 - 3*z. What is the remainder when 1 is divided by t(-2)?
0
Let z(l) = -33*l - 403. What is the remainder when 527 is divided by z(-14)?
55
Suppose 2*d = -12*q + 7*q - 31, -d - 5*q - 28 = 0. What is the remainder when 192 is divided by -3*(d - 6/3)?
12
Suppose 0 = -v - 2*k + 336, -1008 = -3*v - 2*k + 4*k. Suppose -21 + v = 5*n. Calculate the remainder when n is divided by 22.
19
Suppose p - 6 = 1. Let t(u) = u**3 - 17*u**2 + u + 12. Let j be t(17). Suppose -3 = 2*d - j. Calculate the remainder when d is divided by p.
6
Suppose 58 = m + 9. What is the remainder when (40/(-7))/((-14)/m) is divided by 5?
0
Suppose 2*h + 2*h - 16 = 0. Suppose -h*y - 75 = -9*y. Calculate the remainder when ((-174)/y)/(6/(-15)) is divided by 10.
9
Let h(d) = -d + 9. Let y be h(8). What is the remainder when 22 is divided by (1/(-2))/(y/(-10))?
2
Let m(q) = -2*q**3 - q**2 + 2*q + 2. Let w be m(-1). Calculate the remainder when 12 is divided by w/(-5) - (-615)/75.
4
Let n(z) = -z**3 - 27*z**2 - 56*z - 137. What is the remainder when ((-100)/6)/(2/(-6)) is divided by n(-25)?
11
Suppose -5*y = -2*v - 830, 2*y + y - 4*v = 498. What is the remainder when y is divided by 54?
4
Suppose 2*g - 3*s + 377 = 4*g, s - 190 = -g. Calculate the remainder when g is divided by 68.
57
Let q = 12 + -8. Let f = 244 - 242. What is the remainder when q is divided by f?
0
What is the remainder when 63 is divided by (7/14)/((-1)/(-66))?
30
Let h = -41 - -30. Let s = 16 + h. Calculate the remainder when 16 is divided by s.
1
Let j(s) = -s**2 + s + 57. Calculate the remainder when j(0) is divided by ((-9)/(-5))/((-16)/(320/(-3))).
9
Let j = -162 + 307. What is the remainder when j is divided by 37?
34
Suppose 0*d = 3*d, -5*z + 4*d + 20 = 0. Suppose 8*o = 3*o + 45. Suppose -3*h = -5*k + o, 3*k - 4 = z*h - 3. What is the remainder when 2 is divided by h?
0
Suppose -r = -2*l + 17, -4*r = -5*l - 6*r + 65. Suppose 9 + l = -4*n. Let h = -3 - n. What is the remainder when 7 is divided by h?
1
Let y(l) = l - 6. Let i be y(9). Let a(u) = u**3 - u + i - u - u + 5*u**2 - 10. Calculate the remainder when a(-5) is divided by 5.
3
Let d(b) = 193*b + 0 - 4 - 93*b - 99*b. What is the remainder when (-1 + 10)/((-9)/(-6)) is divided by d(7)?
0
Suppose -7 = 3*p + 2*u + 1, -4*p - 3*u - 12 = 0. Let m be 4/(-2)*(-3)/2. Suppose p = 3*o - 18 - m. Calculate the remainder when 26 is divided by o.
5
Suppose 3*p = 3, 0 = w + 3*p - 4*p - 34. What is the remainder when 124 is divided by w?
19
Let d(z) = -29*z - 100. Calculate the remainder when d(-12) is divided by 86.
76
Let a = -17 - -41. Suppose -4*y - a = -3*b + 74, -y = 3*b - 118. Calculate the remainder when b is divided by 21.
17
Calculate the remainder when 97 - (-8 - -2)*-1 is divided by 47.
44
Let b = 2936 + -2831. What is the remainder when 206 is divided by b?
101
Suppose 3*l + 12 = 3*f, 3*l + 21 = 108*f - 104*f. Suppose q + 10 = -4*q, 0 = 3*d + 4*q - 106. What is the remainder when d is divided by f?
2
Let k(f) = 72*f - 3. Let p be k(-3). Let l = -112 - p. What is the remainder when l is divided by 27?
26
Let o = 1557 - 480. Calculate the remainder when o is divided by 30.
27
Calculate the remainder when 381 is divided by (-7)/1 + 44 + -5.
29
Suppose -f - 1 = -11. Suppose 4*j - 6 = f. What is the remainder when 22 is divided by 6/24 - (-47)/j?
10
Suppose 6*c = 29 + 25. Suppose d - 5*t = 11 + 19, -45 = -2*d - 5*t. Calculate the remainder when d is divided by c.
7
Suppose 0 = -15*n + 10*n - 115. Let w = 19 + n. Calculate the remainder when (-5)/((-10)/w) + 15 is divided by 6.
1
Let m(n) = n**3 - 6*n**2 + 7*n - 3. Let b(w) be the first derivative of -w**3/3 + 9*w**2 - 39*w - 36. Calculate the remainder when m(5) is divided by b(15).
1
Let i = -12 + 7. What is the remainder when 69 is divided by 3*i/30*-36?
15
Suppose -24 = 8*s - 464. Calculate the remainder when 435 is divided by s.
50
Let y(l) = 56*l**2 - 1. Suppose 0 = -4*v - 2*v + 6. Let x be y(v). Suppose 0*c + 5*c = x. What is the remainder when c is divided by 7?
4
Let p = -13 - -84. Calculate the remainder when p is divided by 3.
2
Suppose -l = 2*l - 102. Suppose -l + 106 = 2*u. Suppose 2*s + 2 - 40 = 0. What is the remainder when u is divided by s?
17
Suppose 0 = 3*b - q + 13 - 46, -5*b + 5*q = -55. Let j be (-14)/(-1) + (13 - 10). What is the remainder when 13 - j/((-102)/36) is divided by b?
8
Suppose -36 = 6*t - 96. Calculate the remainder when 327 is divided by t.
7
Suppose 0 = -4*r - 8, 5*a + 0*a = -5*r + 85. What is the remainder when 111 is divided by a?
16
What is the remainder when 19 is divided by (((-33)/6)/11)/((-3)/72)?
7
Suppose 4*x + 2*v = 836, x - 139 = 3*v + 70. Calculate the remainder when x is divided by 42.
41
Let o = 42 - 13. Let h(d) = 79*d - 8. Let y be h(2). Let t = y + -144. Calculate the remainder when o is divided by t.
5
Let a(j) = -5*j**3 - j**2 + 2*j + 1. Suppose -20*q + 2 = -19*q. Suppose 5*p + q = 4*p. What is the remainder when a(p) is divided by 9?
6
Let z be -4 + (-9)/(9/(-4)). Suppose 4*a - m = -z*a + 327, 0 = -3*m - 9. Calculate the remainder when a is divided by 28.
25
Suppose 0 = -5*c - 4 - 16, -3*d + 130 = -c. Suppose -18 = 3*b - 63. What is the remainder when d is divided by b?
12
Let q(d) = 12*d**2 + 3*d. What is the remainder when -54*(11 - (-1027)/(-78)) is divided by q(-2)?
33
Let t = -719 + 800. Calculate the remainder when 160 is divided by t.
79
Suppose -2*k + 4*u + 572 = 100, 5*k - 1156 = -2*u. What is the remainder when k is divided by 47?
44
Suppose 3*a = 4*a + 6. What is the remainder when 233 is divided by 72/a*-4 - (2 + -1)?
45
Suppose 152 = -12*l + 224. What is the remainder when 59 is divided by l?
5
Let j = 109 + -94. Calculate the remainder when j is divided by 11.
4
Let r = 195 - 306. Let i be (28/12)/(-7)*r. Let p = i - 18. Calculate the remainder when 56 is divided by p.
18
Suppose -38*y = -25*y - 897. Calculate the remainder when y is divided by 56.
13
Let u(k) = 34*k + 190. Let i = 40 + -2. What is the remainder when i is divided by u(-5)?
18
Let m(a) = 8*a - 1. Let t be m(2). Suppose -5*c = 2*s - 2*c - t, -c = 3*s - 40. Calculate the remainder when s is divided by 6.
3
Let r be 2/(0 - 4/2). Let z be -2 - (r - (3 - -2)). Suppose z*q - j = 92, 2*j = -2*q + 4*j + 46. Calculate the remainder when 89 is divided by q.
20
Suppose -12*t + 771 - 123 = 0. Calculate the remainder when 311 is divided by t.
41
Let x be (-327)/(-8) - 15/(-120). Suppose -36*m = -x*m + 20. Calculate the remainder when 23 is divided by m.
3
Calculate the remainder when 52 is divided by 55/4 + (-15)/(-60) - -4.
16
Suppose -5 = q - 5*i + 4, -3*i = -5*q + 21. Let f(s) = s + 12. Suppose 5*o - 165 = 95. What is the remainder when o is divided by f(q)?
16
Let m(x) be the second derivative of x**3/6 - x**2/2 - 3*x. Calculate the remainder when 10 is divided by m(3).
0
Suppose -4*c + i = -63, 0*c + c - 5*i + 8 = 0. Calculate the remainder when 2670/40 + 9/(-12) is divided by c.
15
Let p(g) = -g**2 - 5*g + 13. Let f be p(4). Let x = f - -25. Suppose w = x*q + 44, 4*q + 253 = 5*w + 5*q. What is the remainder when w is divided by 26?
24
Suppose -23*a + 157 = -188. What is the remainder when 15 is divided by a?
0
Suppose y = -4*w + 452, 0 = -5*w + y + 477 + 88. Calculate the remainder when w is divided by 22.
3
Let n(s) = -s**3 - 5*s**2 - s + 5. Suppose 0 = 2*y + 3*i - 19, 147*i - 148*i + 67 = 5*y. Calculate the remainder when y is divided by n(-5).
4
Let f = 3844 + -2718. Calculate the remainder when f is divided by 12.
10
Suppose r = -4*a + 30, 2*a + 4 = r + 16. Let g(n) = 0 + 4 - 3 + n. What is the remainder when a is divided by g(3)?
3
Suppose 0 = -4*r - 5*t + 94, 4*t - 8 + 0 = 0. What is the remainder when 39 is divided by r?
18
Suppose 0 = -5*t, -2*d - 4*t - 12 = -3*d. Let w(q) = -q**3 - 40*q**2 - 76*q + 45. What is the remainder when w(-38) is divided by d?
9
Let r = -6 - -6. Suppose r*z - z + 4*o = -4, 3*z - 12 = 4*o. Calculate the remainder when 17 is divided by z/(-2) + (-22)/(-2).
8
Let c(l) = 2*l**3 + 4*l**2 - 5*l - 2. Let q(j) = -j**2 - 6*j - 6. Let o be q(-3). What is the remainder when c(o) is divided by 37?
36
Let s = 316 + -310. Calculate the remai